+ 1?
-162
In base 3, what is 2 + 2201000?
2201002
In base 11, what is 2 - -35a?
361
In base 13, what is -213 - 4?
-217
In base 5, what is 10 + -430?
-420
In base 10, what is -4 - -1204?
1200
In base 12, what is b8 + -4?
b4
In base 7, what is -21 + -1606?
-1630
In base 9, what is -18364 - -1?
-18363
In base 9, what is 2 + 40?
42
In base 11, what is -2991a + 4?
-29916
In base 12, what is -b + -2b3?
-302
In base 13, what is b82 - 1?
b81
In base 10, what is 106 + -2?
104
In base 2, what is -11001 - 101?
-11110
In base 14, what is 1b59 - -1?
1b5a
In base 12, what is -465a + 1?
-4659
In base 14, what is -8 + b6?
ac
In base 14, what is a + -22?
-16
In base 2, what is -101 - -10000011101?
10000011000
In base 3, what is 12 + 222?
1011
In base 9, what is 53571 + -2?
53568
In base 15, what is b - -d8?
e4
In base 12, what is -5b0 - -14?
-598
In base 15, what is -1b8 - 3?
-1bb
In base 10, what is -2 - 46?
-48
In base 4, what is 32 + 1?
33
In base 15, what is 6 + -8?
-2
In base 7, what is -56421 - 2?
-56423
In base 5, what is -142 + 2?
-140
In base 13, what is 5 + -2a1?
-299
In base 11, what is -15a - 3?
-162
In base 5, what is -4 - -10040?
10031
In base 12, what is 42a + 0?
42a
In base 3, what is 12221 - -2?
20000
In base 3, what is -1000 - -210?
-20
In base 2, what is 100010110011 + 1?
100010110100
In base 7, what is -156 - -12?
-144
In base 12, what is -a1 + -78?
-159
In base 4, what is -1023 + -13?
-1102
In base 15, what is b3c + -1?
b3b
In base 6, what is -242 + 330?
44
In base 5, what is 4441 - 0?
4441
In base 6, what is 11 - -14?
25
In base 11, what is -4 + -217?
-220
In base 8, what is -3 + 1171?
1166
In base 9, what is 1 - 336?
-335
In base 6, what is 1232 + 0?
1232
In base 9, what is 6 - -131?
137
In base 4, what is -10211 - 33?
-10310
In base 7, what is -34 + 5?
-26
In base 8, what is 161 + -2?
157
In base 10, what is 146 + -5?
141
In base 2, what is 10101101 - -10?
10101111
In base 14, what is 48 + -104?
-9a
In base 6, what is 41 - -54?
135
In base 15, what is 4 + 20b?
210
In base 14, what is d7 - 0?
d7
In base 7, what is 14 - -41?
55
In base 4, what is 1021 - -301?
1322
In base 16, what is 170 + -48?
128
In base 16, what is -2 + 46?
44
In base 8, what is -712 - 4?
-716
In base 8, what is 25 + -6?
17
In base 10, what is 0 + 8562?
8562
In base 10, what is 12 - 148?
-136
In base 3, what is 1201 + -211?
220
In base 6, what is -15 - -11?
-4
In base 2, what is -11 - 1001101?
-1010000
In base 8, what is 1 - -664?
665
In base 3, what is -1200 - 120?
-2020
In base 4, what is -110 + -21?
-131
In base 4, what is 230 + -12?
212
In base 6, what is -42 + 42?
0
In base 2, what is 111010100001 + 100?
111010100101
In base 13, what is -3 - 312?
-315
In base 8, what is 2 - 141?
-137
In base 8, what is -25 + -4?
-31
In base 4, what is 300 - 2?
232
In base 14, what is -53 + 7?
-4a
In base 5, what is 14 + 44?
113
In base 11, what is -54 - 411?
-465
In base 12, what is a5 - 7?
9a
In base 6, what is 32 + 1240?
1312
In base 7, what is -15 + 61?
43
In base 4, what is 1220 + 0?
1220
In base 10, what is 3 - 172?
-169
In base 5, what is -1 + -2301?
-2302
In base 15, what is 1 + -48?
-47
In base 6, what is 1 + 2323?
2324
In base 8, what is 2 + -43?
-41
In base 4, what is -2021 - 130?
-2211
In base 4, what is -113003 + -23?
-113032
In base 3, what is 21001210 + -2?
21001201
In base 2, what is -100011 - -1011011?
111000
In base 16, what is 9b8 + 0?
9b8
In base 5, what is -1430 - -44?
-1331
In base 9, what is -1013 + -6?
-1020
In base 16, what is -6 + -4?
-a
In base 10, what is 18 - -31?
49
In base 3, what is -10 + -1010?
-1020
In base 2, what is 11 - -100110?
101001
In base 14, what is -614 - -9?
-609
In base 9, what is 12 - -3?
15
In base 5, what is -30201 - 4?
-30210
In base 6, what is 411101 - -1?
411102
In base 15, what is -23 - 56?
-79
In base 16, what is -3 - 21fc?
-21ff
In base 16, what is -46 + -5?
-4b
In base 12, what is -b5 + 4?
-b1
In base 10, what is 4 + 274?
278
In base 7, what is 1533 + 1?
1534
In base 15, what is -3 + 6?
3
In base 10, what is -238 + -3?
-241
In base 7, what is -16 - 3?
-22
In base 2, what is -111 - 10011101111?
-10011110110
In base 5, what is -10 - 44?
-104
In base 13, what is 24 + 212?
236
In base 8, what is -43 - -360?
315
In base 16, what is -96 - -29?
-6d
In base 10, what is -54 - 17?
-71
In base 16, what is -1 - -249?
248
In base 3, what is -120011 - -10?
-120001
In base 8, what is -5 - -1320?
1313
In base 10, what is -5 - -174?
169
In base 4, what is -12 + -1122?
-1200
In base 12, what is 6 + 3b?
45
In base 4, what is -2 + -1002?
-1010
In base 10, what is 17 - 114?
-97
In base 12, what is -198 + 3?
-195
In base 5, what is -2121 + -2?
-2123
In base 4, what is 32 + 2132?
2230
In base 13, what is 3b - -a?
48
In base 4, what is -10 + 23003?
22333
In base 16, what is bc5 - -2?
bc7
In base 16, what is 19b + 6?
1a1
In base 13, what is -768 + -2?
-76a
In base 2, what is 0 + -101011000?
-101011000
In base 9, what is 357 + 5?
363
In base 4, what is -2 + 11300?
11232
In base 4, what is 13 + -311?
-232
In base 11, what is 1 + 79?
7a
In base 13, what is -139 + -1?
-13a
In base 9, what is 1 + 418?
420
In base 16, what is 5 - -81?
86
In base 11, what is -1 - -62?
61
In base 14, what is -1d + 6?
-17
In base 12, what is 82 - -44?
106
In base 4, what is -2002 - -1?
-2001
In base 4, what is -1011 + 103?
-302
In base 12, what is 4 + 122?
126
In base 8, what is 2 + 52?
54
In base 7, what is 43 + 41?
114
In base 12, what is 1 + -4055?
-4054
In base 10, what is 5 - 306?
-301
In base 10, what is -2 + -21?
-23
In base 4, what is 231 + 20033?
20330
In base 8, what is -61 + 30?
-31
In base 5, what is 4443 + -10?
4433
In base 10, what is -7 - -119?
112
In base 13, what is 144 + -4?
140
In base 7, what is -2 + -1263?
-1265
In base 9, what is 5 + 372?
377
In base 10, what is -154 + 5?
-149
In base 15, what is 0 - 2de?
-2de
In base 13, what is 2 + -2a?
-28
In base 8, what is 2 + -61?
-57
In base 14, what is 249 - 1a?
22d
In base 15, what is 4 - -358?
35c
In base 13, what is 97 - -2?
99
In base 10, what is -26 + 30?
4
In base 8, what is -5 + 15272?
15265
In base 16, what is -6f2 + -5?
-6f7
In base 2, what is -1010 - 11000100?
-11001110
In base 11, what is -21 + 6?
-16
In base 6, what is -32 - -221?
145
In base 7, what is -4 - 12?
-16
In base 5, what is -22221 - -1?
-22220
In base 14, what is -3 - -204?
201
In base 3, what is 1110 + 11100?
12210
In base 9, what is -41 - -54?
13
In base 10, what is -37 + -8?
-45
In base 7, what is 345 - -2?
350
In base 15, what is -4 + 57e?
57a
In base 8, what is 11333 + 2?
11335
In base 13, what is 3 - 412?
-40c
In base 10, what is 8 - -8?
16
In base 8, what is -1 + -6743?
-6744
In base 12, what is 8b6 + 5?
8bb
In base 12, what is 2686 + -2?
2684
In base 11, what is -4 + -63a?
-643
In base 10, what is 3 + 60?
63
In base 9, what is 8 + 2165?
2174
In base 8, what is -52 - -1?
-51
In base 5, what is 3 + 334?
342
In base 16, what is 3c - -2?
3e
In base 15, what is -1 - 423?
-424
In base 5, what is -3 - 4?
-12
In base 10, what is 0 + -40?
-40
In base 8, what is 16 - -5?
23
In base 8, what is -504 + -4?
-510
In base 2, what is -1000 - -110010111?
110001111
In base 2, what is -1001100101 - 0?
-1001100101
In base 12, what is 5 + 47b?
484
In base 12, what is -27b - 3?
-282
In base 15, what is 2 + -14?
-12
In base 11, what is -905 - -5?
-900
In base 16, what is 12 - 1e?
-c
In base 6, what is -12 + -114?
-130
In base 15, what is -2a7 - 8?
-2b0
In base 10, what is 4 + -22?
-18
In base 8, what is -1365 - 1?
-1366
In base 3, what is 1 + -2221?
-2220
In base 9, what is -2 + 3518?
3516
In base 10, what is -3 - 692?
-695
In base 10, what is -1 - 3004?
-3005
In base 5, what is -1024 - 22?
-1101
In base 12, what is -4 + 17b1?
17a9
In base 9, what is -1237 - 3?
-1241
In base 15, what is -26 + 19?
-c
In base 3, what is 2 + -11001?
-10222
In base 5, what is -2 + -30410?
-30412
In base 7, what is 2 + 240?
242
In base 2, what is -10001010111100 - -100?
-10001010111000
In base 9, what is 3717 - 5?
3712
In base 6, what is 14502 + 5?
14511
In base 7, what is -1 + 24425?
24424
In base 16, what is d90 + 0?
d90
In base 14, what is -22 + 0?
-22
In base 2, what is 101 + 1101110101?
1101111010
In base 9, what is -3 - 547?
-551
In base 3, what is 122120210 + -12?
12